 40*a - 3*x + 709. Calculate the remainder when a is divided by 135.
5
Suppose 4*b = -3*g - 2*g + 285, 5*b + 2*g = 335. Let a(d) = d**2 + 41*d - 262. Calculate the remainder when b is divided by a(6).
5
Suppose 0 = -q + 5*w + 1335, -1003*w = -5*q - 1008*w + 6495. What is the remainder when q is divided by 269?
229
Let d(g) = 4*g**2 - 48*g + 26. What is the remainder when 92 is divided by d(12)?
14
Let z(h) = -h**3 + 11*h**2 - 8*h - 12. Let m be 4270/105*(1 - -2). Let a = m + -92. What is the remainder when a is divided by z(10)?
6
Suppose -5*k + 2*a + 853 = 0, -114 = -k + 5*a + 75. Suppose -3*u + k + 38 = 3*l, -2*l + u + 144 = 0. What is the remainder when l is divided by 24?
23
Suppose 424 - 128 = 8*p. Suppose 7*b + 2 = p. Suppose -b*c - 174 + 564 = 0. What is the remainder when c is divided by 16?
14
Suppose -6*d = -2*h - 184, -h - 81 = -2*d - 16. Suppose -20 + 72 = c. Calculate the remainder when c is divided by d.
25
Let q = -30408 + 30413. Let h(r) = -18*r + 2. What is the remainder when h(-2) is divided by q?
3
Let l(g) = -24*g + 741. What is the remainder when 2789 is divided by l(26)?
98
Suppose 0 = 5*o - z - 26 - 33, 3*z = -o + 15. Calculate the remainder when 323 is divided by o.
11
What is the remainder when 839 is divided by (14/(-20)*4)/((-386)/965)?
6
Suppose -6*x = -1219 + 799. Calculate the remainder when (2/((-16)/(-2792)))/(1 - 0) is divided by x.
69
Suppose 3*t + 5*f = -t + 1996, 5*f + 1462 = 3*t. Let x = t - 247. What is the remainder when x is divided by 74?
25
Suppose 80*r - 25206 - 5754 = 0. What is the remainder when r is divided by 113?
48
Suppose 4*y = -b + 1016, 3*b - 300 = -2*y + 208. Calculate the remainder when (0 - 3) + -105*(-1 - 1) is divided by y/6 - (-4 + (-65)/(-15)).
39
Let w = -27 + 29. Suppose 3*u + 86 = 2*o + 6*u, -w*o + 2*u = -66. Let p = -9 + o. Calculate the remainder when p is divided by 15.
13
Let h(z) = z**3 + 3*z**2 - 34*z + 62. Calculate the remainder when 208 is divided by h(2).
12
Let o = 229 + -181. Suppose o = 3*g - 30. Calculate the remainder when g is divided by 26.
0
Let z = -5418 - -6620. What is the remainder when 1205 is divided by z?
3
Let a = 6 + -11. What is the remainder when (1 - (-868)/10) + 4/a is divided by 44?
43
Let f(u) = 3*u**2 + 50*u + 23. Let j be f(-17). Suppose 4*x = 5*g - j, 4*g - 32 = -2*x + 6*x. Calculate the remainder when 18 is divided by g.
2
Let b = -76 - -79. What is the remainder when 205/b - 13/39 is divided by 24?
20
Let s = 24890 - 24858. What is the remainder when 380 is divided by s?
28
Suppose -2*f = -4*f - 5*o + 703, 5*f + o = 1723. Calculate the remainder when f is divided by 69.
68
Calculate the remainder when (76035/(-10))/(-37)*4 is divided by 121.
96
Suppose -4*i = 2*b - 2004, -1631*i + 3*b + 1521 = -1628*i. What is the remainder when i is divided by 65?
48
Suppose -4*q - g = -11, -15 = -7*g + 2*g. Suppose -2*x = q, 5*i + 1 - 26 = 5*x. Calculate the remainder when 2 + i/(-4)*-19*3 is divided by 31.
28
Let r = -52 + 92. Calculate the remainder when (-1388)/(-7) - ((-48)/(-84))/2 is divided by r.
38
Suppose -2*j + 2*b = -21982 - 3808, -3*j = -5*b - 38697. What is the remainder when j is divided by 11?
8
Suppose 115 = 4*o - 3*n, 2*o + n - 5*n - 50 = 0. Let u = o + -26. Let h(b) = -b + 9. What is the remainder when h(u) is divided by 4?
0
Let l(t) = 768*t + 11685. Calculate the remainder when 2829 is divided by l(-14).
30
Let s = -452 + 461. What is the remainder when 32 is divided by s?
5
Let f(b) = b**3 - 6*b**2 + 7*b + 14. Let o be f(5). Suppose 0*x - 5*x - o = -a, -2*a + x = -30. What is the remainder when 69 is divided by a?
13
Let t(u) = 12 - 10 + 4*u - 12 - u + 0*u. Calculate the remainder when 97 is divided by t(8).
13
Suppose -524*x - 970 = -534*x. Let d(g) = g**3 + 12*g**2 + 10*g - 42. Calculate the remainder when x is divided by d(-10).
39
What is the remainder when 7 + (-3303)/(-2) - (-39)/26 is divided by 93?
79
Let c(n) = 166*n + 2. Let y be 11/3 + 1 - (-4)/(-6). What is the remainder when c(y) is divided by 23?
22
Suppose 7*r = 5*w + 6792, 50*r - 2*w - 960 = 49*r. Calculate the remainder when r is divided by 964.
12
Suppose 858992 = 94*c + 57*c + 60202. Calculate the remainder when c is divided by 54.
52
Suppose 10*b - 22*b - 2244 = 0. Let y = -174 - b. What is the remainder when 45 is divided by y?
6
Suppose -17*t - 2628 = -90*t. Suppose 2*y - 36 = 12. What is the remainder when t is divided by y?
12
Let d = 379 - 217. Suppose 68*h = 71*h - d. What is the remainder when 102 is divided by h?
48
Let u(i) = i**3 + 13*i**2 + 5*i + 11. Let a be u(-12). Suppose 0 = -2*o + 7*o - a. Let d = 156 - 142. Calculate the remainder when o is divided by d.
5
Let v = -39 - -18. Calculate the remainder when v/105 - 2784/(-20) is divided by 10.
9
Suppose -44*u - 27*u - 32*u = -279233. What is the remainder when u is divided by 892?
35
Let o be 2/8 - ((-3498)/24 - -1). Suppose -122*m + 121*m = -o. What is the remainder when m is divided by 21?
19
Suppose 0 = -5*n - 21 + 1. Let q = n + 22. What is the remainder when 61 is divided by q?
7
Let b(g) = 6248*g**2 - 2081*g**2 - 2082*g**2 - 2086*g**2 + 14*g + 18. Suppose -3*a = a - 36. What is the remainder when b(a) is divided by 11?
8
Suppose 86*r - 84*r - 2*x = 92, 0 = -5*r - 2*x + 230. What is the remainder when 1061 is divided by r?
3
Let i = 4527 + -4268. Calculate the remainder when i is divided by 67.
58
Suppose 5*t - 4*j = 10*t - 84, 19 = t + 3*j. What is the remainder when 1246 is divided by t?
14
Let q be 393/1 + 14/7. Let k = -257 + q. Let v(t) = 32*t - 1932. Calculate the remainder when k is divided by v(61).
18
Suppose -l = 2 - 0, l = -2*y + 28. Let u(n) = y - 13 - 5*n - 9 + 8*n**2. Calculate the remainder when u(-2) is divided by 19.
16
Let m = 9290 - 3742. What is the remainder when m is divided by 8?
4
Suppose 185*l - 9838 - 976 = -1009. Calculate the remainder when 7095 is divided by l.
46
Let z = -1197 + 1207. What is the remainder when 1777 is divided by z?
7
Suppose -5*v = -94*v + 37380. Calculate the remainder when 1763 is divided by v.
83
Let s(x) = -30*x - 27. Let z be s(7). Let y = z + 337. Suppose -9*a = a - y. Calculate the remainder when 29 is divided by a.
9
Suppose 31 = h + 31. Suppose 46 = f - 5*x, h = 9*f - 8*f - x - 26. Calculate the remainder when 122 is divided by f.
17
Let v = 1940 + -1921. Suppose -2*o + 103 = -9. What is the remainder when o is divided by v?
18
Let f(k) = 10*k + 3. Suppose 4*r - 3 = h - 0, 4*r = -2*h + 6. What is the remainder when (-102)/8*(-32)/4 is divided by f(r)?
11
Calculate the remainder when 57 is divided by (6/8)/(186/10664).
14
Let v(j) = -7*j**3 - 5*j**2 - 42*j - 62. What is the remainder when v(-2) is divided by 22?
14
Let f be ((-78)/30 - -2)/((-1)/5). Suppose -48 = f*c - 6*c. Calculate the remainder when 109 is divided by c.
13
Let g(l) = 106*l + 13. Suppose -3*a + 5*a + 6 = 4*b, 2*b - 3*a = 5. Calculate the remainder when g(b) is divided by 24.
23
Suppose 5*b - 20 = 0, 4*t - 3*b = t + 2064. Suppose -4*c + 846 = -5*f + 114, t = 4*c + 5*f. What is the remainder when c is divided by 5?
3
Let z = 38533 - 37188. Calculate the remainder when z is divided by 1323.
22
Let y = 13100 - 7403. What is the remainder when y is divided by 6?
3
Let t be (-140)/77 + (-10)/55 - 2. Calculate the remainder when 36 is divided by 13*((-8)/t + -1).
10
Let l = 510 - 326. Let v be 1 - (11 + -4) - -10. Suppose -2*c = -v*j - 18, -3*c + 5*j = -17 - 11. Calculate the remainder when l is divided by c.
8
Let s = 5542 - 5420. What is the remainder when s is divided by 37?
11
Let t(j) = -j**2 - 17*j - 55. Let n be t(-12). What is the remainder when n*(5 + 74/10) is divided by 9?
8
Suppose -x = 2*q + 3*q - 17, -3*x = -2*q. What is the remainder when 104 is divided by (33/9 - q)/(2/81)?
23
What is the remainder when (540/(-8) - 10)/(2/(-8)) is divided by 107?
96
Let a = -91 + 152. Suppose a*n - 59*n = 36. Suppose 18*b = 19*b - n. What is the remainder when 53 is divided by b?
17
Suppose 12*i - 184 = 8*i. Suppose 60*q + 112 = 67*q. What is the remainder when i is divided by q?
14
Let v = -6024 + 7875. What is the remainder when v is divided by 55?
36
Let y(t) = -t**2 + 67*t + 1245. What is the remainder when 399 is divided by y(82)?
9
Let p = 871 + -743. Calculate the remainder